
Suppose 0 = -5*w + 7 + 8. Let p = 8 - 6. Suppose -p*r - 6 = -w*r. List the prime factors of r.
2, 3
Suppose 3*n - 2 = g, -n + 4 - 5 = -2*g. What are the prime factors of (-1)/(0 - g) - -4?
5
Let f = 279 + -58. What are the prime factors of f?
13, 17
Let j = 25 + 18. What are the prime factors of j?
43
Let d be (1 - -2)/(3/9). Suppose d + 5 = 2*t. List the prime factors of t.
7
What are the prime factors of 12/4 - (-73 + -2)/1?
2, 3, 13
Suppose 28*f = 29*f - 102. List the prime factors of f.
2, 3, 17
Suppose 2*r - 85 = -g, 3*r + 2*g + g - 123 = 0. What are the prime factors of r?
2, 11
Suppose -2*q = -6, 5*x - 92 = 3*q + 4. Suppose -6 = -0*y + 2*y, 2*f + y = x. Suppose 0 = -4*h + f, 0 = -2*a + 3*h + h + 12. List the prime factors of a.
2, 3
Suppose -o + r + 45 = 0, 4*o - 61 = r + 107. What are the prime factors of o?
41
Suppose 14 = a - b, -2*b - 3 = a - 2. What are the prime factors of a?
3
Let z = -437 + 635. List the prime factors of z.
2, 3, 11
Let h = -5 - 5. Suppose 5*d = -3 - 2, 62 = 3*r + 4*d. Let x = r + h. What are the prime factors of x?
2, 3
Let f(k) = -k**2 - 8*k + 12. Let i(j) = -j**3 + j**2 - 9. Let w be i(0). List the prime factors of f(w).
3
Suppose -4*p + 40 + 136 = 0. What are the prime factors of p?
2, 11
Suppose 0 = 3*r - h - 197, 5*r - 3*h - 195 = 2*r. What are the prime factors of r?
2, 3, 11
Let z(d) = -d**3 + d - 1. Let g be z(1). Let n(w) = -7*w**3 + w**2 + w + 1. List the prime factors of n(g).
2
Suppose o = -3*o + 8. Suppose 3 + 21 = -2*j. List the prime factors of (-4 - -1)*j/o.
2, 3
Suppose 0*l = -l + 3. Suppose m - 25 = -3*b, 0*m - 89 = -l*m - 2*b. Suppose -11 + m = 5*h. What are the prime factors of h?
2
List the prime factors of 282/4 + (-13)/(-26).
71
Let w(k) = 23*k**2 + 3*k - 8. List the prime factors of w(2).
2, 3, 5
Let x = 75 + -47. List the prime factors of x.
2, 7
Suppose -z = -113 + 28. List the prime factors of z.
5, 17
Let h(q) = -q**2 - 3*q + 3. Let d be h(-4). Let z be 35 - d - (0 + 2). Suppose 5*y + 4*s - 32 = 3*s, 0 = 5*y + 2*s - z. List the prime factors of y.
2, 3
Let x(h) = -h**3 + 11*h**2 + 5*h - 3. List the prime factors of x(11).
2, 13
Let m = -4 + 37. What are the prime factors of m?
3, 11
What are the prime factors of (-428)/(-18) + (-4)/(-18)?
2, 3
Let q(z) = -z + 1. Let r(l) = 4*l - 2. Let g(d) = 7*q(d) + 2*r(d). List the prime factors of g(5).
2
Suppose -2*t = -5*t + 12. Suppose -t*v + 15 = v. List the prime factors of v.
3
Let m(p) = 42*p**2 + 2*p + 7. What are the prime factors of m(-2)?
3, 19
Let j = 9 + -11. List the prime factors of 21/(1 + 2) + j.
5
List the prime factors of 3/6 + 747/12*2.
5
Let z = 6 - 3. Suppose 0 = 2*i - 4*t - 7 - z, 2*t = -4*i + 60. List the prime factors of i.
13
Let p(z) = 6*z**2 - 12*z + 12. List the prime factors of p(6).
2, 3, 13
Let m(g) = -2*g**3 - 4*g**2 + 6*g - 5. List the prime factors of m(-5).
5, 23
Let p = 189 - -17. What are the prime factors of p?
2, 103
Let c(t) = t**2 - 2*t - 3. Let b be c(4). Let u(y) = 4*y + 2*y + 2 - b*y. What are the prime factors of u(5)?
7
Suppose 3*s - 11 = -i, 0*s + 4*s + i = 15. Let d(n) = -n**3 + 6*n**2 - 4*n - 1. List the prime factors of d(s).
3, 5
Let w(t) = 0*t - 6 - 2 + 11*t - t**2. Let m = 19 + -9. What are the prime factors of w(m)?
2
Let t = -7 - -25. Suppose -3*h + r + 94 = 0, -3*h = -4*h - 3*r + t. List the prime factors of h.
2, 3, 5
Let c(n) = -n**2 + 1. Let o be c(-1). Let b = o + 6. Suppose 5*f = 9 + b. What are the prime factors of f?
3
Let z = 51 - 6. Suppose 5*m - 11 - 144 = 4*q, -m - 2*q + z = 0. What are the prime factors of m?
5, 7
Suppose -2*r - 41 = -t - r, -t + 29 = 3*r. What are the prime factors of t?
2, 19
List the prime factors of (-6)/(-2 - -4) - -18.
3, 5
Let w be 3 + 3/(9/(-3)). Suppose -w - 8 = -2*p. Suppose p*k = -2*n + 93, 18 = 2*k + n - 5*n. What are the prime factors of k?
17
Suppose -4 - 6 = -5*j. Suppose -2 = -4*b + 2*y, -3*y + 7*y = -3*b - 26. What are the prime factors of 8 - (b + -1 + j)?
3
Let q(a) = 2*a**2 - 18*a + 4. Let v be q(9). Let o(h) be the first derivative of h**4/4 - h**3 - h**2/2 - 3*h + 1. What are the prime factors of o(v)?
3
Let m = -11 - -23. What are the prime factors of m?
2, 3
Let v(q) = 2*q - 8. List the prime factors of v(13).
2, 3
Let d(b) = b**3 + 7*b**2 - 11*b - 4. List the prime factors of d(-8).
2, 5
Suppose -4*l - 168 = -8*l. Let b = l - 20. List the prime factors of b.
2, 11
Let z = -1 + 4. List the prime factors of z/(-6)*(-2 - 6).
2
Suppose -1 = -4*p + 11. What are the prime factors of 6*(34/6 - p)?
2
Let p be (-15)/(-4) + 6/(-8). Suppose -4 = -0*o + 2*o, o - 25 = -p*q. What are the prime factors of q?
3
Let j(c) = 5*c - 3. What are the prime factors of j(3)?
2, 3
Let i be (-1 - -1) + -2 + 7. Suppose -7 = -3*g + i. List the prime factors of 2*2/g*4.
2
Let k(b) = -b**3 - 5*b**2 - 2*b - 2. Let a be k(-5). Suppose t + t - a = 0. List the prime factors of t.
2
Let g = 27 + 54. List the prime factors of g.
3
Suppose -2*v - 5*l = -2*l - 147, -4*v + 249 = -3*l. What are the prime factors of v?
2, 3, 11
Suppose 3*m - 9 = 3, 4*f = -2*m + 44. Let g(l) = -7*l - 1. Let a be g(-1). Let o = f + a. List the prime factors of o.
3, 5
Suppose 5*y + 3*b - 1514 + 31 = 0, 3*y + 4*b = 892. List the prime factors of y.
2, 37
Let f be (0/(-1))/(-7 + 4). Suppose 35 = -f*t + 5*t. What are the prime factors of t?
7
Let n be (56/(-12))/(2/(-18)). Suppose 2*c - 4*c = -n. Let m = c + -15. What are the prime factors of m?
2, 3
Let i(n) = -n**2 + 8*n + 5. Let h be (-450)/(-66) - (-2)/11. List the prime factors of i(h).
2, 3
Let u = 103 + -63. What are the prime factors of u?
2, 5
Suppose 3*x = 3*h + 75, -x + 41 = 3*h - 0. Let z = -17 + x. Suppose v + 5 = z. What are the prime factors of v?
7
Suppose 4*o = 3*r - 20, 4*r - o = -5*o + 36. Suppose -r - 12 = -4*z. Let y = 7 - z. What are the prime factors of y?
2
Let l(r) = r**2 + 7*r + 2. Let m be l(-7). Let a be 2 + -1 + m - -1. Suppose 0 = -5*u + 5*q + 5, -5*q = -4*u - a*q + 10. List the prime factors of u.
3
Suppose 6*u = 2*u + 36. List the prime factors of u.
3
Let j(m) = -m**3 + 14*m**2 - 14*m + 17. Let t be j(13). Suppose -y = -n - 22, t*y + n - 2*n = 88. List the prime factors of y.
2, 11
Let q = 41 + -10. Suppose -4*b + q = 3*c, -2*b + 4*c + 8 = -2. List the prime factors of b.
7
Let j(n) = 5*n**2 - n. List the prime factors of j(-2).
2, 11
Let p = -26 + 43. List the prime factors of p.
17
Suppose 0*q = -4*q + 16. List the prime factors of q.
2
Let i(y) = 2*y**3 + 2*y**2 - 2*y + 3. List the prime factors of i(2).
23
Let s = 35 + 0. Let u(v) = -v**3 + 14. Let h be u(0). What are the prime factors of 115/s + (-4)/h?
3
Let v be 1/(-4) - 21/(-4). Let o be (-8)/20 - 3/v. List the prime factors of o*((0 - -2) + -7).
5
Let g(b) = 3*b. Let s be g(10). Suppose 4*i - s = 2*i. List the prime factors of i.
3, 5
Suppose 2*k = t + 30, 7*k - 3*k + 12 = 0. What are the prime factors of 38/9 - (-8)/t?
2
Suppose -3*g - 1 + 4 = 0. Let x(b) = 26*b + 1. List the prime factors of x(g).
3
Suppose 2*t = -3*t + 310. What are the prime factors of t?
2, 31
Suppose -3*z - 23 = c - 9, -20 = 4*z. Let t be c/5 - (-28)/10. Suppose -2*v = t*v - 25. What are the prime factors of v?
5
Suppose 4*t - 3*t = 2*j + 5, -5*t + 2*j + 41 = 0. Suppose 3*u - 9 = t. What are the prime factors of u?
2, 3
Let m = 211 + -36. List the prime factors of m.
5, 7
Suppose -2 = -g + 2*g. Let d be 0 + 42 - g/(-2). Let t = d + -28. What are the prime factors of t?
13
Let x = 206 + -119. List the prime factors of x.
3, 29
Let u(a) = -a**3 + a**2 + 18. List the prime factors of u(0).
2, 3
Suppose 0 = 31*b - 34*b + 1194. List the prime factors of b.
2, 199
Let h = 2 - 0. Suppose h*y = -3*a + 23 + 2, -35 = -4*a - 3*y. Suppose 3*j - a*m - 21 = 4*j, -3*j + 3*m + 27 = 0. List the prime factors of j.
2
Let f(o) = -2*o - 5*o + 2 - 8*o. Let h(a) = 8*a - 1. Let m(s) = -3*f(s) - 5*h(s). List the prime factors of m(2).
3
Let l(a) = 2*a**2 + a - 1. Let z be l(1). Suppose -z*j + 3*j - 15 = 0. What are the prime factors of j?
3, 5
Suppose -48 = -5*q + 7. Suppose -2*i + r - 12 = 0, -5*i + 4*r - 40 = -13. Let v = i + q. List the prime factors of v.
2
Suppose -5*w + w = -24. Let a = w + -4. List the prime factors of a/1 + (1 - 0).
3
Suppose 15 = -8*a + 3*a. Let i = 1 - a. Suppose 9*t + s = i*t 